 when ((-8)/(-3))/(((-119)/(-84))/17) is divided by 11.
10
Let o(q) = q**2 - 4*q + 3. Let j be o(3). Let p(s) = -s**3 + s + 8. What is the remainder when 23 is divided by p(j)?
7
Let s = -78 - -143. Calculate the remainder when s is divided by 17.
14
Let n = 11 - -7. Calculate the remainder when n is divided by 7.
4
Let a be (20/10)/(2/19). Suppose -a = -4*c + r, 2*r - 10 = -0*r. Suppose -c*x + 18 = -4*x. What is the remainder when 35 is divided by x?
8
Let a be 2/(-4) - 390/(-12). Suppose -2*s + 5*k = -6*s + 228, a = s - 5*k. What is the remainder when s is divided by (-12)/(-3)*(-27)/(-4)?
25
Let t(q) be the third derivative of -1/2*q**3 + q**2 + 0 + 5/24*q**4 + 0*q. What is the remainder when 34 is divided by t(3)?
10
Suppose 4*c - 5*c + 14 = 5*u, 3*u = c + 18. Let j = -8 - c. Let r(o) = 5*o**2 + 2*o - 2. What is the remainder when 27 is divided by r(j)?
13
Let q(d) = -5 - 3*d + 2 + 5*d. Let a = -21 - -78. Calculate the remainder when a is divided by q(9).
12
Suppose 47 = 2*q + 13. What is the remainder when 67 is divided by q?
16
What is the remainder when 12 is divided by 3 + -2 + (2 - -1)?
0
Suppose z - 29 = 5*a + 3*z, 2*z - 6 = 0. Let n = a + 24. What is the remainder when n is divided by 6?
5
Let j = -12 - -19. Suppose 0*i = 14*i - 42. What is the remainder when j is divided by i?
1
Let z(b) = 12*b - 4. What is the remainder when z(5) is divided by 6 + -10 - 1 - -20?
11
Suppose 27*j - 5*j = 286. What is the remainder when 54 is divided by j?
2
Let o be 280/(-6)*12/(-8). Suppose 4*c - o = 210. What is the remainder when c is divided by 18?
16
Suppose 30 = -t - 60. Let m = t - -144. Calculate the remainder when m is divided by 11.
10
Let m = -33 + 47. Calculate the remainder when -2 + (88 + -1)/3 is divided by m.
13
Let k(h) = 215*h**3 - 2*h**2 + 7*h - 5. Let b(x) = 108*x**3 - x**2 + 4*x - 3. Let y(o) = -5*b(o) + 3*k(o). Calculate the remainder when y(1) is divided by 36.
33
Let f = -14 - -22. Calculate the remainder when 31 is divided by f.
7
Calculate the remainder when 13 is divided by 1 - (0 - (2 - -1)).
1
Suppose -6*q = 10*q - 16. Suppose 0*b - 3 = -3*b. Calculate the remainder when q is divided by b.
0
Let d(w) = -w**2 - 8*w - 3. Let o be d(-7). Let j = o + -3. Suppose -4*f - 1 = -5. What is the remainder when j is divided by f?
0
Suppose 3 = -3*b + 21. Calculate the remainder when b is divided by 2.
0
Let k be 12/(-1*2)*-10. Let l(i) = 2*i**2 + 3*i - 3. Calculate the remainder when 3/2*k/9 is divided by l(-3).
4
Let m = 31 - -26. Calculate the remainder when m is divided by 30.
27
Suppose 12*a - 7*a - 60 = 0. What is the remainder when 47 is divided by a?
11
Suppose 422 = 6*w - 328. Calculate the remainder when w is divided by 63.
62
Suppose i - 39 = -2*i. Let x(v) = -v**3 - v**2 - 3*v - 4. Calculate the remainder when x(-3) is divided by i.
10
Let n(x) = 2*x**3 + 8*x**2 - 3*x + 10. Let y(r) = r**3 + 7*r**2 - 3*r + 9. Let p(b) = 2*n(b) - 3*y(b). What is the remainder when p(5) is divided by 5?
3
What is the remainder when 11 is divided by 4/(-5)*30/(-4)?
5
Let j(x) = 3*x**3 + x**2 - x + 2. Let t be j(2). Let g = 37 - t. What is the remainder when 35 is divided by g?
8
Let f be (-12)/(-16) + 51/12. Let z be 8/(-28) - (-30)/7. Suppose z*y - 67 - f = 0. What is the remainder when 70 is divided by y?
16
Suppose l = 3*l - 26. What is the remainder when l is divided by (0 - 2)*(7 - 13)/3?
1
Let m be (-1)/((-15)/(-9) - 2). Let j = -3 - -8. Suppose 3*s + 2*c + j = 56, -3*c - 36 = -m*s. Calculate the remainder when 44 is divided by s.
14
Let n(i) = -9*i - 2. Suppose y - 12 = 3*y. Suppose 72 = 4*l - 0*l. What is the remainder when n(y) is divided by l?
16
Suppose 5*s = -3*m - 31, -6*m + 5*m = -3*s - 13. Suppose -l - 13 = 2. What is the remainder when 2*m/(-4) - l is divided by 9?
7
Calculate the remainder when 37 is divided by ((-48)/(-36))/((-8)/(-18)).
1
Suppose 3*i + 32 = 7*i. Let d be (-3)/(2 - (-65)/(-34)). Let q = -19 - d. What is the remainder when q is divided by i?
7
Let h(x) = -x**3 - 8*x**2 - 11*x - 5. Suppose 8 = 4*i + 4*j, -2*i + 5*j + 18 = -0*i. What is the remainder when h(-7) is divided by (-8)/3*(-18)/i?
11
Suppose 0*f = -2*f + 10. Suppose -5*n = 4*b - 0*b - 75, -f*n + 60 = b. Calculate the remainder when 41 is divided by n.
8
Let i = 23 - 16. Let s(q) = 3*q - 7. What is the remainder when 26 is divided by s(i)?
12
Let h = 40 + -24. Let m = h + -3. Let r = -73 + 78. Calculate the remainder when m is divided by r.
3
Let w(m) = -m**2 + 5*m - 2. Let t = 1 - -5. Suppose -f + t*f = 15. Calculate the remainder when w(2) is divided by f.
1
Let f(m) = 6*m. Let n be f(3). Suppose 4*x - 15 = -v + 5*x, v = 2*x + n. Let s = 9 + 14. What is the remainder when s is divided by v?
11
Let n be 39/4 - 5/(-20). Suppose n*t - 31 = 9*t. What is the remainder when 59 is divided by t?
28
Suppose -3*i + 1 = -11. Suppose -4 = -4*t - 2*j - 2*j, 5*j = -i*t. Calculate the remainder when 14 is divided by t.
4
Let z = 27 - 2. What is the remainder when z is divided by (9/(-18))/((-2)/68) - 4?
12
Calculate the remainder when 448/9 + 5 + 172/(-36) is divided by 17.
16
Let h(n) = n**2 + 4*n + 1. Suppose -3*c = -k, -5*k + 16 = -c + 2. What is the remainder when h(k) is divided by (-9)/(-21) - (-405)/35?
10
Let c = -1 - -5. Suppose -c*n = -3*a - 197, -a + 3 = -2. Calculate the remainder when n is divided by 14.
11
Let p(g) = 2*g - 2. Let l be p(2). Suppose q + 26 = l*q. Calculate the remainder when q is divided by 9.
8
Let k(p) = -p + 2. Let x be k(2). Suppose -2*f + x*f + 10 = 0. Let q = f + 2. Calculate the remainder when 20 is divided by q.
6
Let h = 66 + -55. Calculate the remainder when 15 is divided by h.
4
Suppose -3*a = -2*n - 2*a + 90, 2*n + 3*a = 74. Let u(d) = d**2 + 5*d - 2. Calculate the remainder when n is divided by u(-8).
21
Suppose 2*j - 43 = -13. Let t be (-1 + 2/14)*-56. Suppose t + 97 = 5*v. What is the remainder when v is divided by j?
14
Let m(k) = 1 - 3 + 2*k**2 + 0 - k. Calculate the remainder when 46 is divided by m(-2).
6
Let z(i) be the first derivative of 1 + 1/4*i**4 + 3/2*i**2 + 7/3*i**3 + i. Calculate the remainder when z(-3) is divided by 15.
13
Let o = 47 + -19. What is the remainder when o is divided by 15?
13
Let r(s) = -s**3 + 6*s**2 - 6*s. Let t be r(5). Let g = t - -8. Suppose g*i = -3*n + 45, n - 37 = -i - 2*i. Calculate the remainder when i is divided by 6.
5
Suppose 2*g = g + 1. Let r = g - -1. Suppose 3*m = -3*b - 2*b + 12, 0 = 2*b. What is the remainder when m is divided by r?
0
Let n = -15 - -33. What is the remainder when 52 is divided by n?
16
Suppose -n - 119 = -3*x, 3*n + 0*n = 2*x - 70. Calculate the remainder when x is divided by 27.
14
Let c be (-50)/(-6) + 10/15. Suppose -c - 19 = -2*g. What is the remainder when 26 is divided by g?
12
Suppose -19 = -2*a + 7. Calculate the remainder when a is divided by (-1)/(7/8 - 1).
5
Suppose 46 - 13 = 3*l. What is the remainder when 83 is divided by l?
6
Suppose 4*l - 4*t - 48 = 0, -l + 4 + 7 = -2*t. Calculate the remainder when 49 is divided by l.
10
Suppose 4*v = -0*q + 5*q + 271, 2*v + 4*q - 116 = 0. Suppose 0*b + 4*b - 52 = -r, 4*r - v = -4*b. Calculate the remainder when 35 is divided by b.
11
Suppose -s + 4 = 0, -2*o + 3*o + 3*s = 25. Let q = 25 - o. What is the remainder when 94*3*(-2)/(-12) is divided by q?
11
Let i = 60 + -18. Let t(o) = o**3 - 3*o + 4. What is the remainder when i is divided by t(3)?
20
Suppose 0 = 6*o - o - 5*k - 185, 3*k + 15 = 0. Calculate the remainder when 125 is divided by o.
29
Let c(k) = -7*k. Calculate the remainder when c(-3) is divided by 11.
10
Let s(o) = 14*o**3 + 13*o**3 - 11*o**3 + o**2 - 2. Let l be s(2). Suppose j - 7 - 24 = -2*q, 4*j = -2*q + l. What is the remainder when j is divided by 12?
9
Suppose 27*v - 36 = 24*v. Calculate the remainder when 35 is divided by v.
11
Suppose 5*m = -5*s + 640, -2*s - 140 + 392 = 3*m. Calculate the remainder when s is divided by 27.
24
Let n be 5/(-15) + 218/6. What is the remainder when 764/n - (-6)/(-27) is divided by 6?
3
Let l = -4 - -7. Suppose 2*k - 6 = -3*h + h, 4*k - 15 = -3*h. Suppose 3 = i, -3*x + 2*i + k = -12. What is the remainder when x is divided by l?
2
Let a = 108 + -98. Calculate the remainder when 88 is divided by a.
8
What is the remainder when 43 is divided by (11 -